(s) = -2*s**3 + 7*s**2 - 96*s + 1284. Give c(8).
-60
Let y(q) = -42*q**2 - 4723*q - 2190. What is y(-112)?
-62
Let p(j) = 46*j**3 + 28614*j**2 + 1252*j + 4951. Calculate p(-622).
-25
Let q(a) = 7348*a + 32238. Determine q(-4).
2846
Let y(r) = 10592*r + 2414979. Determine y(-228).
3
Let n(u) = 19236*u + 480912. What is n(-25)?
12
Let p(h) = -2*h**3 - 13*h**2 + 23*h + 108. Determine p(-4).
-64
Let d(z) = -z**3 + 5*z**2 - 2770*z + 37516. Determine d(13).
154
Let p(t) = 308*t**2 + 5829*t - 17484. Give p(3).
2775
Let s(i) = -i**3 + 20*i**2 + 252*i + 227. Determine s(29).
-34
Let l(j) = 44*j**2 - 32822*j - 34346. Give l(747).
16
Let d(f) = -31*f**2 + 1365*f + 1388. Give d(-1).
-8
Let r(w) = w**3 - 94*w**2 + 74*w + 588. Determine r(93).
-1179
Let h(a) = -6*a**2 + 201*a - 245. What is h(33)?
-146
Let f(p) = 1388*p - 1136. Calculate f(2).
1640
Let r(j) = 5325*j + 367433. Determine r(-69).
8
Let w(g) = 9*g**2 - 5503*g - 111078. Calculate w(631).
-22
Let p(u) = -3*u**3 - 483*u**2 + 67*u + 10788. Determine p(-161).
1
Let a(z) = -7*z**2 - 1211*z - 49. What is a(-173)?
-49
Let k(t) = 593*t + 68717. Give k(-116).
-71
Let t(l) = 7409*l**2 + 44409*l - 268. Determine t(-6).
2
Let a(p) = -651*p + 914. Give a(1).
263
Let j(n) = 36*n + 3186. Give j(-64).
882
Let n(y) = -y**3 - 39*y**2 - 116*y + 386. Calculate n(-38).
3350
Let k(r) = -r**2 + 169*r - 1954. Calculate k(155).
216
Let r(j) = -7*j**2 + 282*j - 2521. Give r(30).
-361
Let r(f) = -f**2 - 357001*f + 5. What is r(0)?
5
Let r(o) = -30*o**3 - 34*o**2 - 58*o - 178. What is r(-6)?
5426
Let l(b) = 2*b**2 + 87*b + 383. Calculate l(-39).
32
Let n(o) = -15*o - 237. Determine n(-71).
828
Let v(l) = 3*l**2 - 202*l - 2568. What is v(-11)?
17
Let z(n) = n**3 + 15*n**2 - 1486*n - 21. Give z(32).
555
Let k(w) = -133163*w - 133236. Calculate k(-1).
-73
Let r(m) = -472*m - 26941. Calculate r(-57).
-37
Let w(f) = -168*f - 2386. Determine w(-19).
806
Let c(d) = 41881*d + 2261565. What is c(-54)?
-9
Let i(h) = 63*h**2 - 3994*h - 2440. What is i(64)?
-8
Let c(p) = -p**3 - 90*p**2 + 613*p + 13108. Calculate c(-95).
-2
Let k(q) = -3*q**3 - 170*q**2 + 69357*q - 4. What is k(-183)?
-4
Let j(l) = -l**2 + 3704*l + 100749. Calculate j(-27).
12
Let f(o) = 5*o + 586. Give f(-25).
461
Let j(p) = -3*p**3 + 3971*p**2 + 1254*p + 92672. Determine j(1324).
-8
Let p(t) = -329*t + 14235. Give p(48).
-1557
Let o(i) = -2028*i - 1817115. Calculate o(-896).
-27
Let o(p) = p**2 - 37*p + 275. What is o(42)?
485
Let j(i) = 581*i - 4219. Determine j(12).
2753
Let z(t) = 4*t**3 - 1104*t**2 + 14*t - 3860. Determine z(276).
4
Let c(t) = 6*t**2 + 308*t - 1621. Give c(6).
443
Let y(g) = -311*g**2 + 61589*g - 2049. What is y(198)?
129
Let i(b) = 2944*b + 20589. Calculate i(-7).
-19
Let f(c) = -c**2 - 15653*c + 391944. Determine f(25).
-6
Let d(x) = -x**3 + 42*x**2 - 3*x + 75. Determine d(7).
1769
Let q(h) = h**2 - 232*h - 24816. Calculate q(311).
-247
Let i(n) = n**3 - 10456*n**2 + 41835*n - 118. Determine i(4).
-10
Let x(u) = -7*u**2 - 420*u - 2221. Calculate x(-6).
47
Let m(f) = f**2 - 278*f - 49819. Determine m(-124).
29
Let q(k) = 22*k**3 + 12*k**2 - 498*k - 1034. What is q(-2)?
-166
Let f(u) = u**2 - 338329*u - 1015003. Determine f(-3).
-7
Let z(p) = 16398*p - 49186. What is z(3)?
8
Let l(k) = 2292*k + 2003200. Give l(-874).
-8
Let q(r) = -38*r + 6960. Calculate q(115).
2590
Let m(a) = 2*a**3 + 175*a**2 + 230*a - 2511. Determine m(-86).
-103
Let f(p) = -20*p**3 + 107*p**2 - 14*p - 3. Calculate f(5).
102
Let c(n) = -n**2 + 39*n + 532. What is c(38)?
570
Let g(r) = 1672*r - 265868. What is g(159)?
-20
Let l(d) = 5*d**3 + 801*d**2 + 204*d + 7035. Give l(-160).
-5
Let v(j) = 8797*j + 412842. Calculate v(-47).
-617
Let a(d) = 37*d**2 - 3849*d - 3916. Determine a(105).
-136
Let d(x) = 9*x**2 + 2817*x - 80. Determine d(-313).
-80
Let t(g) = -82*g - 2203. Determine t(-30).
257
Let j(l) = -l**2 + 254*l + 9748. What is j(288)?
-44
Let r(y) = 26*y - 556. Determine r(24).
68
Let o(h) = -36946*h + 184719. What is o(5)?
-11
Let f(b) = b**2 + 140*b - 15222. What is f(72)?
42
Let r(x) = x**3 - 8*x**2 - 157*x - 1737. What is r(20)?
-77
Let p(j) = -32851*j + 689905. Calculate p(21).
34
Let f(z) = -1956*z - 925262. Determine f(-473).
-74
Let b(d) = 436*d**3 - 1153*d - 2302. Calculate b(-2).
-3484
Let y(i) = 98609*i + 788883. What is y(-8)?
11
Let i(a) = a**2 - 137*a - 325. Calculate i(137).
-325
Let b(i) = -179*i - 74655. Give b(-417).
-12
Let s(a) = 7*a**3 + 91*a**2 - 482*a - 6267. What is s(-13)?
-1
Let i(s) = -s**2 - 6507*s - 4745788. What is i(-837)?
2
Let m(g) = -2*g**2 + 19228*g - 307136. Give m(16).
0
Let c(o) = 4*o**2 - 228*o - 4308. Calculate c(-17).
724
Let f(x) = x**2 + 1550*x + 10806. Calculate f(-7).
5
Let r(b) = -b**2 + 2536*b - 1030191. What is r(508)?
33
Let x(i) = 14*i**3 + 43*i**2 + 191*i - 57. Calculate x(-6).
-2679
Let c(s) = 4*s**3 - 264*s**2 + 447*s - 12086. Give c(65).
69
Let g(b) = 3*b**2 - 135*b - 62. Give g(42).
-440
Let a(s) = -3*s**2 + 106291*s - 318884. Give a(3).
-38
Let t(s) = 2*s**3 - 12*s**2 + 393*s - 2312. Give t(6).
46
Let k(g) = 5*g**2 + 301*g + 1224. What is k(-63)?
2106
Let u(m) = -5*m**2 - 546*m - 6693. Calculate u(-95).
52
Let k(i) = 206*i - 354. What is k(-12)?
-2826
Let w(b) = -2*b**2 - 4193*b - 95298. Give w(-23).
83
Let x(l) = 3*l**3 - 16*l**2 - 24*l + 67. Calculate x(6).
-5
Let q(r) = -8*r**3 - 131*r**2 + 96*r + 27. Determine q(-17).
-160
Let u(o) = 475*o - 15957. Calculate u(30).
-1707
Let o(u) = -6*u**2 + 600*u + 18716. Calculate o(-25).
-34
Let j(d) = d**2 + 518*d - 14776. Give j(-545).
-61
Let b(y) = 2*y**2 + 657*y - 7487. Calculate b(11).
-18
Let x(j) = 10*j**3 - 2660*j**2 - 2*j + 517. What is x(266)?
-15
Let f(s) = -2860*s + 477568. Determine f(167).
-52
Let a(n) = -1018*n + 34030. What is a(33)?
436
Let v(f) = -61*f**3 - 1163*f**2 - 250*f - 3314. What is v(-19)?
-8
Let m(i) = -2*i**2 - 1551*i + 1072981. Determine m(441).
28
Let x(u) = 3*u**3 + 416*u**2 - 561*u - 28. Calculate x(-140).
112
Let p(o) = 874*o - 6137. What is p(7)?
-19
Let u(o) = -14*o**3 - 12*o**2 + 362*o - 361. What is u(1)?
-25
Let l(z) = 62*z**2 - 485*z + 9. What is l(11)?
2176
Let w(d) = -8*d**2 + 527*d + 35. Give w(66).
-31
Let q(i) = -i**3 - 14*i**2 + 75574*i - 565. Calculate q(-282).
-1
Let n(i) = 27*i**2 + 53*i - 3. What is n(3)?
399
Let l(o) = -77*o**3 + 2*o**2 + 4252*o + 4253. What is l(-1)?
80
Let b(o) = 1511*o + 69514. Give b(-46).
8
Let v(h) = h**3 + 107*h**2 - 2244*h + 743. Calculate v(-125).
-7
Let t(j) = -16*j**3 + 594*j**2 - 641*j - 151. Calculate t(36).
101
Let c(r) = 729*r + 148009. What is c(-203)?
22
Let s(m) = -10*m**3 + 53*m**2 + 484*m + 7. Determine s(10).
147
Let p(x) = x**3 + 329*x**2 - 669*x + 1627. Give p(-331).
3944
Let r(d) = 2*d**2 + 252*d + 452. Determine r(-124).
-44
Let p(h) = 284*h**2 + 3327*h + 2259. Give p(-11).
26
Let r(p) = -78*p**3 + 52*p**2 + 158*p + 83. Determine r(-2).
599
Let t(c) = 6*c**2 + 42*c + 92. Calculate t(-7).
92
Let p(k) = -144860*k - 289724. Determine p(-2).
-4
Let d(a) = -a**3 - 45*a**2 - 559*a - 30040. Calculate d(-47).
651
Let y(w) = 2*w**3 - 3*w**2 - 3744*w + 7496. Determine y(2).
12
Let g(m) = -m**3 + 373*m**2 - 4465*m + 8363. Calculate g(10).
13
Let v(t) = -10*t**3 - 19*t**2 + 1386*t + 6978. Calculate v(-5).
823
Let r(i) = i - 852. What is r(-129)?
-981
Let o(c) = 58*c**3 + 58*c**2 + 268*c - 110. Determine o(-5).
-7250
Let n(f) = 16*f**3 + 54*f**2 + 12*f - 34. Determine n(-7).
-2960
Let z(j) = -225*j + 21630. Calculate z(96).
30
Let w(k) = 5*k**2 - 447*k - 9479. Give w(107).
-63
Let r(n) = -n**2 - 15567*n + 264984. What is r(17)?
56
Let i(l) = -408051*l + 6120680. Calculate i(15).
-85
Let q(s) = -2*s**2 + 1293*s + 1312643. What is q(-549)?
-16
Let p(f) = 3542*f - 3456863. What is p(976)?
129
Let s(a) = a**2 - 984*a - 321017. Calculate s(-258).
-581
Let n(r) = -7*r**2 + 1495*r + 51913. Calculate n(244).
-59
Let i(l) = 2254*l + 173751. Give i(-77).
193
Let y(q) = -q**2 + 78*q - 1185. What is y(76)?
-1033
Let l(s) = 26651*s - 346475. Calculate l(13).
-12
Let v(u) = -2*u**2 - 385*u + 3940. Determine v(10).
-110
Let o(c) = -23021*c + 8287557. What is o(360)?
-3
Let u(p) = -1239*p + 73105. What is u(59)?
4
Let p(g) = -61*g**2 - 117*g + 1409. Calculate p(4).
-35
Let o(r) = -12*r + 197. Calculate o(4)